{"id":1083,"date":"2020-07-17T23:38:02","date_gmt":"2020-07-17T23:38:02","guid":{"rendered":"http:\/\/corporacionfuruglass.com\/?page_id=1083"},"modified":"2020-08-03T23:10:04","modified_gmt":"2020-08-03T23:10:04","slug":"servicios","status":"publish","type":"page","link":"https:\/\/corporacionfuruglass.com\/index.php\/servicios\/","title":{"rendered":"Servicios"},"content":{"rendered":"\t\t<div data-elementor-type=\"wp-page\" data-elementor-id=\"1083\" class=\"elementor elementor-1083\">\n\t\t\t\t\t\t<div class=\"elementor-inner\">\n\t\t\t\t<div class=\"elementor-section-wrap\">\n\t\t\t\t\t\t\t\t\t<section class=\"elementor-section elementor-top-section elementor-element elementor-element-4c7662e elementor-section-boxed elementor-section-height-default elementor-section-height-default\" data-id=\"4c7662e\" data-element_type=\"section\">\n\t\t\t\t\t\t<div class=\"elementor-container elementor-column-gap-default\">\n\t\t\t\t\t\t\t<div class=\"elementor-row\">\n\t\t\t\t\t<div class=\"elementor-column elementor-col-100 elementor-top-column elementor-element elementor-element-3a67509\" data-id=\"3a67509\" data-element_type=\"column\">\n\t\t\t<div class=\"elementor-column-wrap elementor-element-populated\">\n\t\t\t\t\t\t\t<div class=\"elementor-widget-wrap\">\n\t\t\t\t\t\t<div class=\"elementor-element elementor-element-e481412 elementor-widget elementor-widget-heading\" data-id=\"e481412\" data-element_type=\"widget\" data-widget_type=\"heading.default\">\n\t\t\t\t<div class=\"elementor-widget-container\">\n\t\t\t<h2 class=\"elementor-heading-title elementor-size-default\">SERVICIOS<\/h2>\t\t<\/div>\n\t\t\t\t<\/div>\n\t\t\t\t<div class=\"elementor-element elementor-element-54b37d1 elementor-widget elementor-widget-text-editor\" data-id=\"54b37d1\" data-element_type=\"widget\" data-widget_type=\"text-editor.default\">\n\t\t\t\t<div class=\"elementor-widget-container\">\n\t\t\t\t\t\t\t\t<div class=\"elementor-text-editor elementor-clearfix\">\n\t\t\t\t<p><b>ASESORIA PROFESIONAL<\/b><\/p><p>Nuestro objetivo principal es brindar la asistencia t\u00e9cnica personalizada a los profesionales relacionados directamente en el sector de la construcci\u00f3n y decoraci\u00f3n obteniendo un resultado satisfactorio\u00a0 de nuestros clientes por todas sus expectativas relacionados al rubro de CORPORACI\u00d3N FURUGLASS.<\/p>\t\t\t\t\t<\/div>\n\t\t\t\t\t\t<\/div>\n\t\t\t\t<\/div>\n\t\t\t\t\t\t<\/div>\n\t\t\t\t\t<\/div>\n\t\t<\/div>\n\t\t\t\t\t\t\t\t<\/div>\n\t\t\t\t\t<\/div>\n\t\t<\/section>\n\t\t\t\t<section class=\"elementor-section elementor-top-section elementor-element elementor-element-c3c5e2f elementor-section-boxed elementor-section-height-default elementor-section-height-default\" data-id=\"c3c5e2f\" data-element_type=\"section\">\n\t\t\t\t\t\t<div class=\"elementor-container elementor-column-gap-default\">\n\t\t\t\t\t\t\t<div class=\"elementor-row\">\n\t\t\t\t\t<div class=\"elementor-column elementor-col-100 elementor-top-column elementor-element elementor-element-1b68603\" data-id=\"1b68603\" data-element_type=\"column\">\n\t\t\t<div class=\"elementor-column-wrap\">\n\t\t\t\t\t\t\t<div class=\"elementor-widget-wrap\">\n\t\t\t\t\t\t\t\t<\/div>\n\t\t\t\t\t<\/div>\n\t\t<\/div>\n\t\t\t\t\t\t\t\t<\/div>\n\t\t\t\t\t<\/div>\n\t\t<\/section>\n\t\t\t\t<section class=\"elementor-section elementor-top-section elementor-element elementor-element-c401c83 elementor-section-boxed elementor-section-height-default elementor-section-height-default\" data-id=\"c401c83\" data-element_type=\"section\">\n\t\t\t\t\t\t<div class=\"elementor-container elementor-column-gap-default\">\n\t\t\t\t\t\t\t<div class=\"elementor-row\">\n\t\t\t\t\t<div class=\"elementor-column elementor-col-100 elementor-top-column elementor-element elementor-element-2d61c1e\" data-id=\"2d61c1e\" data-element_type=\"column\">\n\t\t\t<div class=\"elementor-column-wrap elementor-element-populated\">\n\t\t\t\t\t\t\t<div class=\"elementor-widget-wrap\">\n\t\t\t\t\t\t<div class=\"elementor-element elementor-element-e0adfc1 elementor-widget elementor-widget-wp-widget-media_gallery\" data-id=\"e0adfc1\" data-element_type=\"widget\" data-widget_type=\"wp-widget-media_gallery.default\">\n\t\t\t\t<div class=\"elementor-widget-container\">\n\t\t\t<div id='gallery-1' class='gallery galleryid-1083 gallery-columns-3 gallery-size-large'><figure class='gallery-item'>\n\t\t\t<div class='gallery-icon portrait'>\n\t\t\t\t<a data-elementor-open-lightbox=\"yes\" data-elementor-lightbox-slideshow=\"e0adfc1\" data-elementor-lightbox-title=\"Barandas De Cristal Ti 19mm Con Suspensores De Acero\" e-action-hash=\"#elementor-action%3Aaction%3Dlightbox%26settings%3DeyJpZCI6Mjg1LCJ1cmwiOiJodHRwczpcL1wvY29ycG9yYWNpb25mdXJ1Z2xhc3MuY29tXC93cC1jb250ZW50XC91cGxvYWRzXC8yMDE2XC8wNFwvTUdfOTQxOS5qcGciLCJzbGlkZXNob3ciOiJlMGFkZmMxIn0%3D\" href='https:\/\/corporacionfuruglass.com\/wp-content\/uploads\/2016\/04\/MG_9419.jpg'><img width=\"683\" height=\"1024\" src=\"https:\/\/corporacionfuruglass.com\/wp-content\/uploads\/2016\/04\/MG_9419-683x1024.jpg\" class=\"attachment-large size-large\" alt=\"\" loading=\"lazy\" aria-describedby=\"gallery-1-285\" srcset=\"https:\/\/corporacionfuruglass.com\/wp-content\/uploads\/2016\/04\/MG_9419-683x1024.jpg 683w, https:\/\/corporacionfuruglass.com\/wp-content\/uploads\/2016\/04\/MG_9419-200x300.jpg 200w, https:\/\/corporacionfuruglass.com\/wp-content\/uploads\/2016\/04\/MG_9419-768x1152.jpg 768w, https:\/\/corporacionfuruglass.com\/wp-content\/uploads\/2016\/04\/MG_9419.jpg 800w\" sizes=\"(max-width: 683px) 100vw, 683px\" \/><\/a>\n\t\t\t<\/div>\n\t\t\t\t<figcaption class='wp-caption-text gallery-caption' id='gallery-1-285'>\n\t\t\t\tBarandas\n\t\t\t\t<\/figcaption><\/figure><figure class='gallery-item'>\n\t\t\t<div class='gallery-icon portrait'>\n\t\t\t\t<a data-elementor-open-lightbox=\"yes\" data-elementor-lightbox-slideshow=\"e0adfc1\" data-elementor-lightbox-title=\"Habilitaci\u00f3n Y Ensamblaje De Carpinter\u00eda De Aluminio\" e-action-hash=\"#elementor-action%3Aaction%3Dlightbox%26settings%3DeyJpZCI6Mjg5LCJ1cmwiOiJodHRwczpcL1wvY29ycG9yYWNpb25mdXJ1Z2xhc3MuY29tXC93cC1jb250ZW50XC91cGxvYWRzXC8yMDE2XC8wNFwvTUdfOTQzNi5qcGciLCJzbGlkZXNob3ciOiJlMGFkZmMxIn0%3D\" href='https:\/\/corporacionfuruglass.com\/wp-content\/uploads\/2016\/04\/MG_9436.jpg'><img width=\"683\" height=\"1024\" src=\"https:\/\/corporacionfuruglass.com\/wp-content\/uploads\/2016\/04\/MG_9436-683x1024.jpg\" class=\"attachment-large size-large\" alt=\"\" loading=\"lazy\" aria-describedby=\"gallery-1-289\" srcset=\"https:\/\/corporacionfuruglass.com\/wp-content\/uploads\/2016\/04\/MG_9436-683x1024.jpg 683w, https:\/\/corporacionfuruglass.com\/wp-content\/uploads\/2016\/04\/MG_9436-200x300.jpg 200w, https:\/\/corporacionfuruglass.com\/wp-content\/uploads\/2016\/04\/MG_9436-768x1152.jpg 768w, https:\/\/corporacionfuruglass.com\/wp-content\/uploads\/2016\/04\/MG_9436.jpg 800w\" sizes=\"(max-width: 683px) 100vw, 683px\" \/><\/a>\n\t\t\t<\/div>\n\t\t\t\t<figcaption class='wp-caption-text gallery-caption' id='gallery-1-289'>\n\t\t\t\tCarpinter\u00eda de Aluminio\n\t\t\t\t<\/figcaption><\/figure><figure class='gallery-item'>\n\t\t\t<div class='gallery-icon portrait'>\n\t\t\t\t<a data-elementor-open-lightbox=\"yes\" data-elementor-lightbox-slideshow=\"e0adfc1\" data-elementor-lightbox-title=\"Baranda de acero con cristal templado\" e-action-hash=\"#elementor-action%3Aaction%3Dlightbox%26settings%3DeyJpZCI6Mjc4LCJ1cmwiOiJodHRwczpcL1wvY29ycG9yYWNpb25mdXJ1Z2xhc3MuY29tXC93cC1jb250ZW50XC91cGxvYWRzXC8yMDE2XC8wNFwvTUdfOTI4Mi5qcGciLCJzbGlkZXNob3ciOiJlMGFkZmMxIn0%3D\" href='https:\/\/corporacionfuruglass.com\/wp-content\/uploads\/2016\/04\/MG_9282.jpg'><img width=\"683\" height=\"1024\" src=\"https:\/\/corporacionfuruglass.com\/wp-content\/uploads\/2016\/04\/MG_9282-683x1024.jpg\" class=\"attachment-large size-large\" alt=\"\" loading=\"lazy\" aria-describedby=\"gallery-1-278\" srcset=\"https:\/\/corporacionfuruglass.com\/wp-content\/uploads\/2016\/04\/MG_9282-683x1024.jpg 683w, https:\/\/corporacionfuruglass.com\/wp-content\/uploads\/2016\/04\/MG_9282-200x300.jpg 200w, https:\/\/corporacionfuruglass.com\/wp-content\/uploads\/2016\/04\/MG_9282-768x1152.jpg 768w, https:\/\/corporacionfuruglass.com\/wp-content\/uploads\/2016\/04\/MG_9282.jpg 800w\" sizes=\"(max-width: 683px) 100vw, 683px\" \/><\/a>\n\t\t\t<\/div>\n\t\t\t\t<figcaption class='wp-caption-text gallery-caption' id='gallery-1-278'>\n\t\t\t\tBarandas\n\t\t\t\t<\/figcaption><\/figure>\n\t\t<\/div>\n\t\t<\/div>\n\t\t\t\t<\/div>\n\t\t\t\t\t\t<\/div>\n\t\t\t\t\t<\/div>\n\t\t<\/div>\n\t\t\t\t\t\t\t\t<\/div>\n\t\t\t\t\t<\/div>\n\t\t<\/section>\n\t\t\t\t\t\t\t\t\t<\/div>\n\t\t\t<\/div>\n\t\t\t\t\t<\/div>\n\t\t","protected":false},"excerpt":{"rendered":"<p>SERVICIOS ASESORIA PROFESIONAL Nuestro objetivo principal es brindar la asistencia t\u00e9cnica personalizada [&hellip;]<\/p>\n","protected":false},"author":2,"featured_media":0,"parent":0,"menu_order":0,"comment_status":"closed","ping_status":"closed","template":"page-templates\/page_front-page.php","meta":[],"_links":{"self":[{"href":"https:\/\/corporacionfuruglass.com\/index.php\/wp-json\/wp\/v2\/pages\/1083"}],"collection":[{"href":"https:\/\/corporacionfuruglass.com\/index.php\/wp-json\/wp\/v2\/pages"}],"about":[{"href":"https:\/\/corporacionfuruglass.com\/index.php\/wp-json\/wp\/v2\/types\/page"}],"author":[{"embeddable":true,"href":"https:\/\/corporacionfuruglass.com\/index.php\/wp-json\/wp\/v2\/users\/2"}],"replies":[{"embeddable":true,"href":"https:\/\/corporacionfuruglass.com\/index.php\/wp-json\/wp\/v2\/comments?post=1083"}],"version-history":[{"count":11,"href":"https:\/\/corporacionfuruglass.com\/index.php\/wp-json\/wp\/v2\/pages\/1083\/revisions"}],"predecessor-version":[{"id":1229,"href":"https:\/\/corporacionfuruglass.com\/index.php\/wp-json\/wp\/v2\/pages\/1083\/revisions\/1229"}],"wp:attachment":[{"href":"https:\/\/corporacionfuruglass.com\/index.php\/wp-json\/wp\/v2\/media?parent=1083"}],"curies":[{"name":"wp","href":"https:\/\/api.w.org\/{rel}","templated":true}]}}